3. Let k be c(13). Let i(l) = 8*l - 6. What is i(k)?
26
Suppose -l + 5*h - 4*h = 0, 2*l - 3*h = -2. Let i(g) = -4*g - 2*g**2 + g**3 + 5 + 3 - 3 - l. Give i(3).
0
Let f(o) = 2*o**3 - o**2 + 2*o - 1. Let n be f(3). Suppose 5*d = 5*j + n, 4*d - 3 - 5 = -4*j. Let g(w) = 8 - 5 - 5 + d*w - 4*w. What is g(-4)?
-10
Let r(y) = -27*y**2 - 19*y + 23. Let l(d) = 74*d**2 + 56*d - 69. Let w(x) = -4*l(x) - 11*r(x). Give w(13).
-3
Suppose 2*w = 6*w - 28. Let d(f) = 2*f - f**2 - f**2 - 8 + 3 + w. Give d(-2).
-10
Let p be (-16)/(-3) - 2/(-3). Let l(x) = x**3 + x - 1. Let y(q) = 7*q**3 - 5*q**2 + q - 7. Let d = -6 - -7. Let r(i) = d*y(i) - 6*l(i). What is r(p)?
5
Suppose -2*w - 3*z + 11 + 12 = 0, 3*w - 5*z = 25. Let k(d) = d + 2. Determine k(w).
12
Let v(h) = h**3 + 11*h**2 + 10*h + 7. Let p be 1416/(-144) + 2/(-12). Calculate v(p).
7
Let j = -59 - -57. Let a(k) = -3*k**3 - 2*k**2 + 2*k + 3. Let p(o) = 7*o**3 + 4*o**2 - 4*o - 7. Let x(i) = -5*a(i) - 2*p(i). Determine x(j).
3
Let r(f) = 7*f - 2. Let y = -463 + 459. Determine r(y).
-30
Suppose 2*h - h - 1 = 0. Let j(g) = -11*g**2 + 2*g - 23. Let l(o) = 2*o**2 - o + 6. Let d(s) = j(s) + 4*l(s). Determine d(h).
-4
Let n(u) = -u**2 - 7*u + 10. Suppose 3*j + 20 = 3*q - 7, 27 = -4*j - 5*q. Let o be n(j). Let c(a) = -a + 2*a**2 - o*a**3 + 4*a**2 + a**3. Give c(6).
-6
Let z(i) = i**2 - i - 4. Let d = 380 + -380. What is z(d)?
-4
Let n(h) = 0 - 8*h + 4*h**2 + 2 + 10 - 3*h**2. Give n(4).
-4
Let o(b) be the third derivative of -b**6/120 - b**5/15 + b**4/4 - b**2. Let j = -8 + 8. Suppose y - 5*v - 10 = 0, 3*y - v + 12 = -j*v. Determine o(y).
-5
Let y = -27 + -17. Let z = -47 - y. Let m(u) = u**2 + 2*u - 2. Give m(z).
1
Let j(h) be the second derivative of -h**4/12 - 2*h**3/3 + h**2/2 - h. Let u = 5 + 5. Suppose -u*y + 12 = -14*y. What is j(y)?
4
Let u(i) = -i**3 - i**2 - 2*i - 2. Let d(z) = 4*z**3 + z**2 + 3*z + 8. Let w(l) = d(l) + 3*u(l). Let r = 10 + -7. Determine w(r).
2
Suppose 6*m = 18 - 0. Let b = -2 - m. Let t(i) be the first derivative of -i**4/4 - 2*i**3 - 3*i**2 + 8. Give t(b).
5
Suppose -16 = l - 133. Let d = 123 - l. Let n(w) = w**2 - 7*w + 6. Give n(d).
0
Suppose 3*l + 26*l = -232. Let s(t) = t**3 + 9*t**2 + 5*t - 8. Determine s(l).
16
Let z(c) = c**3 + 3*c**2 + 2*c. Suppose 5*s + 5 = 5*y, -5*y - 3 = -s - 16. Suppose 5*u + 0*u = -x + y, 4*u = 5*x + 14. What is z(x)?
0
Let a = -31 - -11. Let v be (2/a*-4)/(2/(-30)). Let x(o) = 3 - 5*o + 5 - o**2 + 0*o**2. Give x(v).
2
Let q(s) be the first derivative of s**2 - 50. Let z = 0 + 4. Give q(z).
8
Let o be (3 + -2)*(-9 - -6). Let q(z) = -z**3 - 3*z**2 - 6. What is q(o)?
-6
Let u(c) = 6*c**3 - c**2 + 4*c - 3. Let r(z) = -8*z**3 + z**2 - 6*z + 4. Let v(o) = -5*r(o) - 7*u(o). Calculate v(-1).
3
Let f(n) = -n**3 - 36*n**2 + 160*n - 33. Let g be f(-40). Suppose -4*v = 3*h - 137, -2*h - 4 = 2*h. Let q = g + v. Let a(p) = 2*p**2 - 3*p + 1. Give a(q).
3
Let m be 4022 - (1 + -3 - -5) - 2. Let k(b) = 4017 - m + 5*b + b**3 - 6*b**2. Give k(4).
-12
Let w(j) = 2*j - 12. Suppose 146*k - 159 = 93*k. What is w(k)?
-6
Let h be (-1)/4 - (77/28 + -5). Let d(u) = -2*u**h + 7*u**2 - u - 6*u**2. What is d(0)?
0
Let z = -2 - -10. Let b be (z/10)/1*-5. Let o(j) = 3*j - 4 + 2*j + 5 + j**2 - 6. What is o(b)?
-9
Let k(n) be the second derivative of -n**3/3 - 2*n**2 + 75*n. Determine k(-3).
2
Let l(b) = b**3 + 2 + 66*b + 46*b - 111*b. Let s(z) = z**3 + 4*z**2 + 2*z - 3. Let w be s(-3). What is l(w)?
2
Let y(v) be the second derivative of 1/6*v**3 + 0*v**2 - 11/12*v**4 + 2*v + 0. What is y(1)?
-10
Suppose -63 = -30*n - 213. Let t(c) be the first derivative of c**4/4 + 4*c**3/3 - 7*c**2/2 - 5*c - 2. Give t(n).
5
Let x be (-14)/(-3)*12/14. Suppose 2*n = -6, x*u - 5*u - 4 = -n. Let l(j) be the first derivative of j**2 - j - 4. What is l(u)?
-15
Let q(k) = -3141*k**2 + 1570*k**2 + 1570*k**2 + 5. What is q(6)?
-31
Let v(b) be the third derivative of b**4/2 - 13*b**2 + 2*b. What is v(-3)?
-36
Let l(f) be the first derivative of 0 - 2 + f + 1 - f**2. Let x = 3 - 1. What is l(x)?
-3
Let x(b) = -5*b - 34. Suppose 8 = -4*v + 5*y - 0, -32 = 4*v + y. What is x(v)?
1
Let k(v) be the third derivative of v**5/60 + 5*v**4/24 + 11*v**2. Suppose 3*l + 23 = -4*x, -3*x - 10 = -0*l - 5*l. Give k(x).
0
Let i(r) = 2*r**2 - 4*r - 1. Suppose 5*n = n + 3*w + 41, 3*w = -9. Let p = n + -5. Determine i(p).
5
Let b(c) = c**3 + 2*c + 3. Let a be -1*7/(-42)*0. Calculate b(a).
3
Let i(u) = -555*u + 571*u - 1 - u**2 + 2*u**2. Calculate i(-16).
-1
Let d = -1 + 2. Let f(r) = 669*r**2 + 665*r**2 + 1 + 25*r**3 - 1335*r**2 - r. Calculate f(d).
24
Let r(j) = -47*j - 7. Let f(z) = 24*z + 3. Let i(c) = 5*f(c) + 2*r(c). Give i(-1).
-25
Let d = -69 - -68. Let z = -2 + d. Let t(g) = g**2 + 3*g - 3. What is t(z)?
-3
Let c(s) = -s. Let x be -2 + 3 + 2 + 1 + -2. Suppose 4 - x = -y, y + 37 = -5*l. Determine c(l).
7
Let y(q) = 10*q - 5. Let n be y(6). Suppose -53*g + 8 = -n*g. Let v(o) = 2 + o**2 - 4*o - 2*o**2 + 3. What is v(g)?
5
Suppose c - 11 = -0*q + 2*q, 26 = c - 5*q. Let s(u) = -4 + 3 + 4 + 11*u. Let a(o) = -22*o - 7. Let f(h) = 2*a(h) + 5*s(h). Determine f(c).
12
Let z(i) = -2*i + 28. Let d = -840 - -853. Calculate z(d).
2
Let b(a) be the first derivative of -a**3/3 - 5*a**2 - 7*a - 144. Calculate b(-8).
9
Let g(t) = -4*t - 8. Suppose 0 = -4*s + 3*f - 1, -s - 3*f - 7 = -3*s. What is g(s)?
8
Let p(v) = v**2 - 10*v + 6. Suppose -h - 8 = -3*l, 1 = -2*h + 4*l - 7. Determine p(h).
-18
Let y(c) = -3*c**2 - 2*c + 1. Let n = 241 + -244. Calculate y(n).
-20
Let o(n) = -46*n + 1. Let r(g) = 8*g - 1. Let m(s) = -o(s) - 6*r(s). What is m(7)?
-9
Let b(w) be the first derivative of -2*w**3/3 + 3*w**2 + 8*w + 45. What is b(6)?
-28
Let x(i) be the first derivative of -1/3*i**3 - i**2 + 4 + 3*i. Let l be (2/3)/(1/3). What is x(l)?
-5
Suppose 48*o - 54*o + 24 = 0. Let g(l) = l - 8. Calculate g(o).
-4
Let s(c) = 64*c**3 + c - 38*c**3 - 32*c**3. Give s(1).
-5
Let f = 291 + -292. Let a(z) = 27*z**2 + 2*z + 1. What is a(f)?
26
Let n(j) = -j. Suppose -4*o + 0*o + 4 = 0. Let s = 1 - o. Suppose 12 = q - 4*m, 2*q + m = -s*m - 3. Calculate n(q).
0
Let g = 459 - 463. Let q(k) = -3*k - 3. Determine q(g).
9
Let n(z) = -13*z**2 + 2*z + 3. Let b be 1*(-3)/(-2)*28/(-21). Calculate n(b).
-53
Let l(i) = 26*i - 46. Let q(z) = z + 9. Let j(a) = -3*a - 18. Let m(g) = 6*j(g) + 13*q(g). Let k(b) = 2*l(b) + 11*m(b). Determine k(5).
-8
Let h(r) = -20*r**3 - 2*r**2 - 3*r - 2. Let z(b) = -41*b**3 - 5*b**2 - 8*b - 5. Let w(s) = -5*h(s) + 2*z(s). What is w(-1)?
-17
Let b(a) = 3*a**2 + a - 3. Let i(m) = 3*m - 2 - 2*m + m**2 + m**2. Let r be (8/6)/(9/(-27)). Let j(x) = r*i(x) + 3*b(x). What is j(0)?
-1
Let w(x) = -970*x**3 + x - 2 - 961*x**3 + 1935*x**3. What is w(2)?
32
Let t(u) = 3*u**2 + 8 + 9*u**2 + 3*u**2 - u**2 - 2*u. Let p(b) = -5*b**2 + b - 3. Let y(n) = -17*p(n) - 6*t(n). Let j be -1 + 8 + (-3 - -1). What is y(j)?
3
Let z(j) = j**2 + 2*j. Let o(y) = y + 3 + 6*y - 7 + y**2. Let q be o(-7). Give z(q).
8
Let q(v) = v**3 - 40*v - 43*v + v**2 + 83*v. Let w(m) = 6*m**2 + m. Let p(l) = 5*q(l) - w(l). Suppose -2*o - 2*d - 7 = -7*d, 5*o = -d - 4. What is p(o)?
-5
Let q(w) = -2*w**2 + 4*w - 2. Let k = -8 - -21. Let d = k - 10. Give q(d).
-8
Let j(q) = 8*q - 2. Let k = -33 + 35. Suppose -4*l = 5*z + 6, 5*l = -3*z + k - 3. Determine j(z).
-18
Let m(k) = k**3 + 14*k**2 + 12*k - 17. Let u(b) = -b**3 + 11*b**2 - 18*b - 13. Let a be u(9). Determine m(a).
-4
Let t(b) = -2*b**3 - 33*b**2 + 18*b + 22. Let d(v) = 4*v**3 + 64*v**2 - 35*v - 43. Let g(k) = 6*d(k) + 11*t(k). What is g(-11)?
-5
Let d = -32 - -46. Let n = 20 - d. Let l(x) = 2 - 1 - 74*x + 147*x - 75*x. Give l(n).
-11
Suppose -t = 4*p + 11, p = 3*t - 7 + 1. Let b = 6 - t. Let m(z) = -z - 1. Let i(j) = -j. Let s(f) = 3*i(f) - 2*m(f). Calculate s(b).
-3
Let c(v) = -v**2. Let q(a) = -3*a**2 + a - 4. Let u(o) = 5*c(o) - q(o). Let f be u(2). Let b(d) = -d. Determine b(f).
6
Let r(t) = -14*t**2 + 95*t - 8. Let h(z) = -5*z**2 + 33*z - 3. Let a(q) = 17*h(q) - 6*r(q). Determine a(-6).
15
Let d(l) = l**3 - 20*l**2 - l + 14. Let s be (3 + (-19)/5)/((-13)/325). What is d(s)?
-6
Let h(u) = -1. Let i(w) = 3*w**2 + 2*w + 14. Let j(l) = -4*h(l) - i(l). Let t(r) be the first derivative of j(r). Determine t(-2).
10
Let c = 1585 - 1569. Let b(w) = -